at is i(c)?
2
Let i(t) be the second derivative of -t**5/20 + t**4/6 + t**3/6 - t**2/2 - 433*t. Let d(s) = -s - 3. Let n be d(-5). What is i(n)?
1
Let q(f) = -f**2 - 5*f - 4. Let i(b) = -b**2 - 17*b - 26. Let u(x) = -3*x**2 - 50*x - 77. Let o(n) = 17*i(n) - 6*u(n). Let j be o(-8). Calculate q(j).
0
Suppose -10*a - 23 = 27. Let h(o) be the third derivative of o**2 - 1/8*o**4 + 5/6*o**3 + 0*o - 1/60*o**5 + 0. Calculate h(a).
-5
Let f = -13 - -9. Let u be 0/(f/8*-4). Let x(j) = -j - 6. Calculate x(u).
-6
Suppose 21*t - 8 = 17*t. Let y(z) be the third derivative of -z**6/120 + z**5/60 + z**4/24 - z**3/6 - 4*z**2 - 1. What is y(t)?
-3
Let m(o) = -o**3 - 5 - 7*o - 1 + 23*o**2 - 30*o**2. Suppose -3*s + 5*f = -2, 2*s + f - 4*f = 0. Give m(s).
0
Suppose -18*m + 6 = -16*m. Let q be -2 - (-40)/(8 - m). Let g(a) = -a + 5. Calculate g(q).
-1
Let m(b) = 2*b + 2. Let n(r) = 5*r + 126. Let g be n(-24). Give m(g).
14
Let o(v) be the third derivative of v**6/120 + v**5/60 - v**4/12 - v**3/2 + 11*v**2. Suppose -4*i + 0*i - 3*b - 23 = 0, 10 = 5*i - 4*b. Determine o(i).
-3
Let i(j) = -9 + 3 + 2*j - 12. Calculate i(12).
6
Let g(h) be the first derivative of 0*h + 4 + 1/24*h**4 + 2*h**2 + 1/3*h**3. Let r(w) be the second derivative of g(w). Give r(-4).
-2
Let y(r) = 4*r**3 - r**2 - r. Let d(w) = -w**3 - 8*w**2 + 9*w + 3. Let f be d(-9). Let u be 1/(3/(-12)) - (-6 + f). What is y(u)?
-4
Let n(h) be the third derivative of -h**4/24 + 4*h**3/3 - 4*h**2. Suppose 2*g - 3 = b, -b - 10 = -4*g + 3. What is n(b)?
1
Let f(p) be the second derivative of p**4/12 - p**3/6 - 2*p**2 + 28*p. Suppose 0 = 2*w - 5*l - 20, -3*w + 4*l + 11 = -5. Suppose w = x - 0*x. What is f(x)?
-4
Let d(c) = -2*c + 3. Let z(j) = 12*j - 16. Let k(g) = -14*d(g) - 3*z(g). Determine k(4).
-26
Let g(f) = f**2 + f - 1. Let q be g(0). Let c(u) be the third derivative of u**4/24 + 29*u**2. Let h(w) = 3. Let b(y) = q*h(y) - 3*c(y). Give b(-2).
3
Let w = 79 + -76. Let m(s) = -8 + s**3 - 2*s + 2*s + 6*s**2 + 0*s**w - s. What is m(-6)?
-2
Let q(g) = 3. Let w(h) = 11*h - 12. Let r(u) = 3*q(u) + w(u). What is r(1)?
8
Let x(z) = -5*z**2 - 3*z - 7. Let k(t) = 6*t**2 + 4*t + 8. Let i(n) = -6*k(n) - 7*x(n). Let h = 740 + -742. Determine i(h).
3
Let r(o) = 53*o + 5. Let k(m) = 19*m + 2. Let b(p) = -11*k(p) + 4*r(p). What is b(6)?
16
Suppose 4 = 4*h - 8. Suppose h*n = -2*s - 2 - 24, 0 = -3*n + 4*s - 2. Let g(j) be the first derivative of -j**4/4 - 2*j**3 + j**2 + 9*j - 4. Calculate g(n).
-3
Let h(q) = 0*q**2 - 12*q**2 - q**2 + 1. Let i(c) = 0*c**2 + 33*c - 56*c + 3*c**2 - 9. Let w be i(8). What is h(w)?
-12
Let p(f) be the first derivative of -3*f**4/4 - f**3 + f**2 + 2*f + 71. Determine p(2).
-30
Let j(n) be the third derivative of -n**4/4 + 2*n**3/3 + 7*n**2. Give j(3).
-14
Let c be (0/(-1))/(1/1). Let k(w) = -2*w + 4 + 0 + c - 1. Let d(m) = m**3 + 2*m**2 - 4*m + 1. Let t be d(-3). Determine k(t).
-5
Let z(r) = 9*r**3 + 12*r**2 - 9*r - 10. Let g(b) = -25*b**3 - 35*b**2 + 27*b + 30. Let d(n) = -4*g(n) - 11*z(n). What is d(-9)?
-10
Suppose 4*y - 3*r = 3 - 18, 3*y = -5*r + 25. Let t(p) be the second derivative of p**2 + y - 2*p - 1/2*p**3 - 1/12*p**4. Determine t(-3).
2
Let z(a) = a**3 - a**2 - 2*a + 3. Let n be 0/(-2 - (0 - 4)). Suppose -8 = -4*t + 2*d, -2 = 2*t - 4*d - n*d. Determine z(t).
15
Suppose 4*m - 8 = 2*m, 0 = 4*x - 2*m - 52. Let s = 649 - 669. Let w = x + s. Let f(i) = -i**2 - 6*i + 2. Determine f(w).
7
Suppose -5*d - 26 - 54 = 0. Suppose 0 = h + 4*q, h = 5*h + 4*q + 36. Let f = h - d. Let b(p) = -p**2 + 2*p - 1. Give b(f).
-9
Let d(w) be the first derivative of -w**2/2 + 17*w - 10. Give d(14).
3
Let g be 22/77 + (-66)/(-14). Suppose 0 = 2*v + 3*v - g*o - 25, 3*v - 50 = -4*o. Let x(f) = f**2 + 5*f**2 - 5*f**2 - f**3 + v. What is x(0)?
10
Let t = 0 - -50. Let j be (60/t)/((-4)/10). Let k(b) be the first derivative of -b**4/4 - 4*b**3/3 - b**2 - 4*b - 3. Give k(j).
-7
Let s(i) = 1118*i - 2247*i - 2 + 1125*i. Give s(6).
-26
Let y(a) be the first derivative of a**3/3 - 7*a**2/2 - 7*a + 408. Let g be (-40)/(-6) + 12/(-18). Give y(g).
-13
Let l = 11 + -8. Suppose 5*t + 3*w = 15, -2*w - 5 = -l*w. Let k(q) = -2*q**2 - q + 4. Let p(n) = 3*n**2 + 2*n - 9. Let h(b) = -5*k(b) - 3*p(b). Give h(t).
7
Let n(p) = -p - 5. Suppose -21*g + 524 = 398. What is n(g)?
-11
Let b = -15 + 19. Let i(z) = -z**2 + 0*z**2 - b*z**3 + 3*z**3 + z - 6 + 21. Suppose 4*t - 4*y + 20 = 0, 3*y + y = -t + 20. Give i(t).
15
Let r(z) = 11*z**3 - z**2. Let b be 4/(-26) - (2492/(-91))/(-4). Let o be 4/b + 6/(-14). Give r(o).
-12
Let d(f) = 2*f + 7. Suppose -5*r = -1 - 69. Suppose -6 = -3*k - 0*k, 0 = -2*t + k - r. Calculate d(t).
-5
Let s(i) be the first derivative of -i**3/3 + i - 40. Let j(x) = x**3 + 6*x**2 + 4. Let v be j(-6). Suppose -l = 3*h + v, 2*l = 3*h - 0*h - 8. Determine s(h).
1
Let j(o) = -6*o**2 + 2*o + 17. Let v(u) be the first derivative of 2*u**3/3 - u**2/2 - 6*u + 4. Let b(h) = -4*j(h) - 11*v(h). Calculate b(-3).
7
Let q(f) = f**3 - 3*f**2 + 2*f - 6. Let b(z) = 3*z**3 + 2*z**2 - 9*z + 8. Let t be b(1). What is q(t)?
18
Let k(a) = a**3 - 8*a**2 + 8*a - 7. Let p(i) = i**3 - 7*i**2 + 7*i - 6. Let b(j) = -4*k(j) + 5*p(j). What is b(3)?
7
Suppose -2 + 22 = 5*v. Let x(g) = -3*g**2 + 1 + 20*g**3 + 5*g**2 - 21*g**3 + 2*g + g**2. What is x(v)?
-7
Let c(k) = -5 + 22*k**3 + 2*k - 23*k**3 - 5*k**2 + 2*k + k. Let r = -9 + 3. Determine c(r).
1
Let x = 1 + -8. Let j(s) = 9 + s**2 + 0*s**2 - 4 + 9*s. Calculate j(x).
-9
Let a(t) = -t**3 - 3*t**2 - 2*t - 1. Let o(m) = -m**3 - 2*m**2 - 8. Let p be o(-4). Suppose -p = -10*l + 18*l. Determine a(l).
5
Let y be 5 + (7 - (-1 - -5)). Suppose -4 = q - y. Let g(l) = -2*l**2 + 7*l - 5. Determine g(q).
-9
Suppose 0 = -0*y - 3*y + 24. Let v = 3 - y. Let q(g) = g + 10. Let s(u) = 2*u + 19. Let h(z) = -5*q(z) + 3*s(z). What is h(v)?
2
Let b(k) = 6*k + 3. Let z be (-1 + -12 + 3)*-1. What is b(z)?
63
Let o(w) = -12*w + 7. Let j(r) = -18*r + 40*r - 23*r - r**2. Let y(x) = j(x) - o(x). Calculate y(11).
-7
Suppose -6 - 10 = 4*u. Let t(m) = 90469*m**2 - 1 - 45232*m**2 - 45236*m**2 + 5*m. Give t(u).
-5
Let v(i) be the second derivative of -i**5/20 + 4*i**4/3 - 7*i**3/3 - 10*i**2 - 50*i + 2. Calculate v(15).
-5
Let q(p) = -p**2 + p - 6. Let r(b) = 2*b**2 - b + 1. Let m be r(1). Suppose 0 = m*s + 3 + 3. Let j = s + 3. Determine q(j).
-6
Let h(w) be the second derivative of w**4/12 + 4*w**2 + w. Let g be 11/(-22) - (20/8 + -3). Determine h(g).
8
Let y(v) = 5*v**3 - 2*v**2 + 1. Let g be y(1). Let u(x) = 11*x**2 + 6 - 7*x**2 + x + g*x - 3*x**2. Give u(-6).
12
Let h be (-4 + (-33)/(-6))/((-2)/(-4)). Let a(g) = -h + 3 - 4*g + 4 - 6. What is a(-3)?
10
Let m(b) = -b - 3*b + 3*b - 3. Suppose -391 = -13*c - 352. What is m(c)?
-6
Let t(z) = -6*z - 7. Let l(h) = -16*h - 18. Let m(g) = 4*l(g) - 11*t(g). Calculate m(-6).
-7
Let n be (4/9)/(30/675). Let z(q) = -q**3 + 8*q**2 - 9*q + 10. Let y be z(7). Let c = n + y. Let h(i) = -i. Give h(c).
-6
Let j(v) be the second derivative of -v**5/20 + v**4/3 - v**3/6 + v**2/2 - 10*v - 2. Let q = -6 - -8. Let u(t) = t**2 - t + 1. Let s be u(q). Give j(s).
7
Suppose 1 = 2*g - 7. Suppose -1 + g = -l. Let z be (4/l)/(2/3). Let h(v) = v + 1. Determine h(z).
-1
Let y(i) = 6*i + 1. Suppose 2*c - 11 = -a, 5*c - 21 = 3*a + a. Give y(a).
7
Let w(j) be the second derivative of -j**4/12 + 5*j**3/6 - 2*j**2 + j - 9. Calculate w(5).
-4
Let i(v) = -10*v - 1. Suppose 0 = -q + 56 - 31. Suppose 2*c + 23 = q. Calculate i(c).
-11
Let t(h) = -h - 7. Suppose 3*n + 14 = 4*j, -4*j + 8*j = -4*n + 28. Let x be (n - 12/9)*-15. What is t(x)?
3
Let k(r) be the third derivative of r**4/24 + 7*r**3/6 + 7*r**2. Let b be (1 + 83)*(-3)/(-6). Let l be b/(-9) + (-5)/15. Calculate k(l).
2
Let i(d) = d**2 + 17*d + 53. Let b be i(-12). Let o(f) = f**2 + 8*f - 2. What is o(b)?
-9
Let w(j) = 3*j + 5. Let d(l) = 3*l + 5. Let n(s) = 4*d(s) - 5*w(s). Determine n(-10).
25
Suppose 2*h - 16 = -2*p, 5*p - 3*p = -5*h + 1. Suppose 4*x + 1 = 2*w - p, 5*x + 14 = -w. Let m(r) = -r**2 - 5*r + 4. Calculate m(x).
10
Let o be 7/(-2) + (-1)/2. Suppose 2*p + 30 = 8*p. Let m(x) = -x + 1. Let j(y) = -6*y - 1. Let h(b) = p*m(b) - j(b). What is h(o)?
2
Suppose 4*q - 52 = 4*u + 12, 0 = 2*q + u - 17. Let p(z) = -66 + z + 15 + 23 + 16. Determine p(q).
-1
Let 